{"id":620,"date":"2020-07-17T13:33:32","date_gmt":"2020-07-17T11:33:32","guid":{"rendered":"http:\/\/lorrainemw.cluster020.hosting.ovh.net\/?page_id=620"},"modified":"2020-08-05T16:34:10","modified_gmt":"2020-08-05T14:34:10","slug":"plantes","status":"publish","type":"page","link":"http:\/\/lorrainemw.cluster020.hosting.ovh.net\/index.php\/plantes\/","title":{"rendered":"Plantes"},"content":{"rendered":"\n<p>Plus le bien-\u00eatre est important, plus le travail gagne. Un bien-\u00eatre qui passe par une interaction d\u00e9contract\u00e9e, une bonne organisation de l&#8217;espace et la cr\u00e9ation d&#8217;un environnement agr\u00e9able et accueillant. Et ici, la cr\u00e9ativit\u00e9 est stimul\u00e9e.<\/p>\n\n\n\n<figure class=\"wp-block-gallery columns-3 is-cropped\"><ul class=\"blocks-gallery-grid\"><li class=\"blocks-gallery-item\"><figure><a href=\"http:\/\/lorrainemw.cluster020.hosting.ovh.net\/wp-content\/uploads\/2020\/07\/plantes-1-1024x581.jpg\"><img loading=\"lazy\" width=\"1024\" height=\"581\" src=\"http:\/\/lorrainemw.cluster020.hosting.ovh.net\/wp-content\/uploads\/2020\/07\/plantes-1-1024x581.jpg\" alt=\"\" data-id=\"621\" data-link=\"http:\/\/lorrainemw.cluster020.hosting.ovh.net\/?attachment_id=621\" class=\"wp-image-621\" srcset=\"http:\/\/lorrainemw.cluster020.hosting.ovh.net\/wp-content\/uploads\/2020\/07\/plantes-1-1024x581.jpg 1024w, http:\/\/lorrainemw.cluster020.hosting.ovh.net\/wp-content\/uploads\/2020\/07\/plantes-1-300x170.jpg 300w, http:\/\/lorrainemw.cluster020.hosting.ovh.net\/wp-content\/uploads\/2020\/07\/plantes-1-768x436.jpg 768w, http:\/\/lorrainemw.cluster020.hosting.ovh.net\/wp-content\/uploads\/2020\/07\/plantes-1.jpg 1157w\" sizes=\"(max-width: 1024px) 100vw, 1024px\" \/><\/a><\/figure><\/li><li class=\"blocks-gallery-item\"><figure><a href=\"http:\/\/lorrainemw.cluster020.hosting.ovh.net\/wp-content\/uploads\/2020\/07\/plantes-2-1024x550.jpg\"><img loading=\"lazy\" width=\"1024\" height=\"550\" src=\"http:\/\/lorrainemw.cluster020.hosting.ovh.net\/wp-content\/uploads\/2020\/07\/plantes-2-1024x550.jpg\" alt=\"\" data-id=\"622\" data-link=\"http:\/\/lorrainemw.cluster020.hosting.ovh.net\/?attachment_id=622\" class=\"wp-image-622\" srcset=\"http:\/\/lorrainemw.cluster020.hosting.ovh.net\/wp-content\/uploads\/2020\/07\/plantes-2-1024x550.jpg 1024w, http:\/\/lorrainemw.cluster020.hosting.ovh.net\/wp-content\/uploads\/2020\/07\/plantes-2-300x161.jpg 300w, http:\/\/lorrainemw.cluster020.hosting.ovh.net\/wp-content\/uploads\/2020\/07\/plantes-2-768x412.jpg 768w, http:\/\/lorrainemw.cluster020.hosting.ovh.net\/wp-content\/uploads\/2020\/07\/plantes-2.jpg 1159w\" sizes=\"(max-width: 1024px) 100vw, 1024px\" \/><\/a><\/figure><\/li><li class=\"blocks-gallery-item\"><figure><a href=\"http:\/\/lorrainemw.cluster020.hosting.ovh.net\/wp-content\/uploads\/2020\/07\/plantes-3-1024x499.jpg\"><img loading=\"lazy\" width=\"1024\" height=\"499\" src=\"http:\/\/lorrainemw.cluster020.hosting.ovh.net\/wp-content\/uploads\/2020\/07\/plantes-3-1024x499.jpg\" alt=\"\" data-id=\"623\" data-link=\"http:\/\/lorrainemw.cluster020.hosting.ovh.net\/?attachment_id=623\" class=\"wp-image-623\" srcset=\"http:\/\/lorrainemw.cluster020.hosting.ovh.net\/wp-content\/uploads\/2020\/07\/plantes-3-1024x499.jpg 1024w, http:\/\/lorrainemw.cluster020.hosting.ovh.net\/wp-content\/uploads\/2020\/07\/plantes-3-300x146.jpg 300w, http:\/\/lorrainemw.cluster020.hosting.ovh.net\/wp-content\/uploads\/2020\/07\/plantes-3-768x375.jpg 768w, http:\/\/lorrainemw.cluster020.hosting.ovh.net\/wp-content\/uploads\/2020\/07\/plantes-3.jpg 1136w\" sizes=\"(max-width: 1024px) 100vw, 1024px\" \/><\/a><\/figure><\/li><\/ul><\/figure>\n\n\n\n<figure class=\"wp-block-gallery columns-2 is-cropped\"><ul class=\"blocks-gallery-grid\"><li class=\"blocks-gallery-item\"><figure><a href=\"http:\/\/lorrainemw.cluster020.hosting.ovh.net\/wp-content\/uploads\/2020\/08\/jh_bambous_2-small2.jpg\"><img loading=\"lazy\" width=\"553\" height=\"799\" src=\"http:\/\/lorrainemw.cluster020.hosting.ovh.net\/wp-content\/uploads\/2020\/08\/jh_bambous_2-small2.jpg\" alt=\"\" data-id=\"766\" data-link=\"http:\/\/lorrainemw.cluster020.hosting.ovh.net\/index.php\/plantes\/jh_bambous_2-small2\/\" class=\"wp-image-766\" srcset=\"http:\/\/lorrainemw.cluster020.hosting.ovh.net\/wp-content\/uploads\/2020\/08\/jh_bambous_2-small2.jpg 553w, http:\/\/lorrainemw.cluster020.hosting.ovh.net\/wp-content\/uploads\/2020\/08\/jh_bambous_2-small2-208x300.jpg 208w\" sizes=\"(max-width: 553px) 100vw, 553px\" \/><\/a><\/figure><\/li><li class=\"blocks-gallery-item\"><figure><a href=\"http:\/\/lorrainemw.cluster020.hosting.ovh.net\/wp-content\/uploads\/2020\/08\/jh_graminees_2-small2.jpg\"><img loading=\"lazy\" width=\"553\" height=\"799\" src=\"http:\/\/lorrainemw.cluster020.hosting.ovh.net\/wp-content\/uploads\/2020\/08\/jh_graminees_2-small2.jpg\" alt=\"\" data-id=\"767\" data-full-url=\"http:\/\/lorrainemw.cluster020.hosting.ovh.net\/wp-content\/uploads\/2020\/08\/jh_graminees_2-small2.jpg\" data-link=\"http:\/\/lorrainemw.cluster020.hosting.ovh.net\/index.php\/plantes\/jh_graminees_2-small2\/\" class=\"wp-image-767\" srcset=\"http:\/\/lorrainemw.cluster020.hosting.ovh.net\/wp-content\/uploads\/2020\/08\/jh_graminees_2-small2.jpg 553w, http:\/\/lorrainemw.cluster020.hosting.ovh.net\/wp-content\/uploads\/2020\/08\/jh_graminees_2-small2-208x300.jpg 208w\" sizes=\"(max-width: 553px) 100vw, 553px\" \/><\/a><\/figure><\/li><\/ul><\/figure>\n","protected":false},"excerpt":{"rendered":"<p>Plus le bien-\u00eatre est important, plus le travail gagne. Un bien-\u00eatre qui passe par une interaction d\u00e9contract\u00e9e, une bonne organisation de l&#8217;espace et la cr\u00e9ation d&#8217;un environnement agr\u00e9able et accueillant. Et ici, la cr\u00e9ativit\u00e9 est stimul\u00e9e.<\/p>\n","protected":false},"author":1,"featured_media":0,"parent":0,"menu_order":0,"comment_status":"closed","ping_status":"closed","template":"page-full-width.php","meta":{"_monsterinsights_skip_tracking":false,"_monsterinsights_sitenote_active":false,"_monsterinsights_sitenote_note":"","_monsterinsights_sitenote_category":0},"_links":{"self":[{"href":"http:\/\/lorrainemw.cluster020.hosting.ovh.net\/index.php\/wp-json\/wp\/v2\/pages\/620"}],"collection":[{"href":"http:\/\/lorrainemw.cluster020.hosting.ovh.net\/index.php\/wp-json\/wp\/v2\/pages"}],"about":[{"href":"http:\/\/lorrainemw.cluster020.hosting.ovh.net\/index.php\/wp-json\/wp\/v2\/types\/page"}],"author":[{"embeddable":true,"href":"http:\/\/lorrainemw.cluster020.hosting.ovh.net\/index.php\/wp-json\/wp\/v2\/users\/1"}],"replies":[{"embeddable":true,"href":"http:\/\/lorrainemw.cluster020.hosting.ovh.net\/index.php\/wp-json\/wp\/v2\/comments?post=620"}],"version-history":[{"count":3,"href":"http:\/\/lorrainemw.cluster020.hosting.ovh.net\/index.php\/wp-json\/wp\/v2\/pages\/620\/revisions"}],"predecessor-version":[{"id":768,"href":"http:\/\/lorrainemw.cluster020.hosting.ovh.net\/index.php\/wp-json\/wp\/v2\/pages\/620\/revisions\/768"}],"wp:attachment":[{"href":"http:\/\/lorrainemw.cluster020.hosting.ovh.net\/index.php\/wp-json\/wp\/v2\/media?parent=620"}],"curies":[{"name":"wp","href":"https:\/\/api.w.org\/{rel}","templated":true}]}}