{"id":511,"date":"2020-07-16T14:44:02","date_gmt":"2020-07-16T12:44:02","guid":{"rendered":"http:\/\/lorrainemw.cluster020.hosting.ovh.net\/?page_id=511"},"modified":"2020-07-16T17:25:22","modified_gmt":"2020-07-16T15:25:22","slug":"grands-projets","status":"publish","type":"page","link":"http:\/\/lorrainemw.cluster020.hosting.ovh.net\/index.php\/grands-projets\/","title":{"rendered":"Grands projets"},"content":{"rendered":"\n<p>Le conseil en am\u00e9nagement de bureau  que je peux apporter, coupl\u00e9 \u00e0 l\u2019exp\u00e9rience des grands chantiers offre ainsi aux donneurs d\u2019ordres un r\u00e9el choix dans leurs projets d\u2019am\u00e9nagement d\u2019espaces de travail.<\/p>\n\n\n\n<figure class=\"wp-block-gallery columns-1 is-cropped\"><ul class=\"blocks-gallery-grid\"><li class=\"blocks-gallery-item\"><figure><a href=\"http:\/\/lorrainemw.cluster020.hosting.ovh.net\/wp-content\/uploads\/2020\/07\/0014-scaled.jpg\"><img loading=\"lazy\" width=\"1024\" height=\"724\" src=\"http:\/\/lorrainemw.cluster020.hosting.ovh.net\/wp-content\/uploads\/2020\/07\/0014-1024x724.jpg\" alt=\"\" data-id=\"522\" data-full-url=\"http:\/\/lorrainemw.cluster020.hosting.ovh.net\/wp-content\/uploads\/2020\/07\/0014-scaled.jpg\" data-link=\"http:\/\/lorrainemw.cluster020.hosting.ovh.net\/?attachment_id=522\" class=\"wp-image-522\" srcset=\"http:\/\/lorrainemw.cluster020.hosting.ovh.net\/wp-content\/uploads\/2020\/07\/0014-1024x724.jpg 1024w, http:\/\/lorrainemw.cluster020.hosting.ovh.net\/wp-content\/uploads\/2020\/07\/0014-300x212.jpg 300w, http:\/\/lorrainemw.cluster020.hosting.ovh.net\/wp-content\/uploads\/2020\/07\/0014-768x543.jpg 768w, http:\/\/lorrainemw.cluster020.hosting.ovh.net\/wp-content\/uploads\/2020\/07\/0014-1536x1086.jpg 1536w, http:\/\/lorrainemw.cluster020.hosting.ovh.net\/wp-content\/uploads\/2020\/07\/0014-2048x1448.jpg 2048w\" sizes=\"(max-width: 1024px) 100vw, 1024px\" \/><\/a><\/figure><\/li><\/ul><\/figure>\n\n\n\n<figure class=\"wp-block-gallery columns-1 is-cropped\"><ul class=\"blocks-gallery-grid\"><li class=\"blocks-gallery-item\"><figure><a href=\"http:\/\/lorrainemw.cluster020.hosting.ovh.net\/wp-content\/uploads\/2020\/07\/0011-3-scaled.jpg\"><img loading=\"lazy\" width=\"1024\" height=\"724\" src=\"http:\/\/lorrainemw.cluster020.hosting.ovh.net\/wp-content\/uploads\/2020\/07\/0011-3-1024x724.jpg\" alt=\"\" data-id=\"526\" data-full-url=\"http:\/\/lorrainemw.cluster020.hosting.ovh.net\/wp-content\/uploads\/2020\/07\/0011-3-scaled.jpg\" data-link=\"http:\/\/lorrainemw.cluster020.hosting.ovh.net\/index.php\/grands-projets\/0011-3\/\" class=\"wp-image-526\" srcset=\"http:\/\/lorrainemw.cluster020.hosting.ovh.net\/wp-content\/uploads\/2020\/07\/0011-3-1024x724.jpg 1024w, http:\/\/lorrainemw.cluster020.hosting.ovh.net\/wp-content\/uploads\/2020\/07\/0011-3-300x212.jpg 300w, http:\/\/lorrainemw.cluster020.hosting.ovh.net\/wp-content\/uploads\/2020\/07\/0011-3-768x543.jpg 768w, http:\/\/lorrainemw.cluster020.hosting.ovh.net\/wp-content\/uploads\/2020\/07\/0011-3-1536x1086.jpg 1536w, http:\/\/lorrainemw.cluster020.hosting.ovh.net\/wp-content\/uploads\/2020\/07\/0011-3-2048x1448.jpg 2048w\" sizes=\"(max-width: 1024px) 100vw, 1024px\" \/><\/a><\/figure><\/li><\/ul><\/figure>\n\n\n\n<figure class=\"wp-block-gallery columns-1 is-cropped\"><ul class=\"blocks-gallery-grid\"><li class=\"blocks-gallery-item\"><figure><a href=\"http:\/\/lorrainemw.cluster020.hosting.ovh.net\/wp-content\/uploads\/2020\/07\/0022-1-scaled.jpg\"><img loading=\"lazy\" width=\"1024\" height=\"724\" src=\"http:\/\/lorrainemw.cluster020.hosting.ovh.net\/wp-content\/uploads\/2020\/07\/0022-1-1024x724.jpg\" alt=\"\" data-id=\"527\" data-full-url=\"http:\/\/lorrainemw.cluster020.hosting.ovh.net\/wp-content\/uploads\/2020\/07\/0022-1-scaled.jpg\" data-link=\"http:\/\/lorrainemw.cluster020.hosting.ovh.net\/index.php\/grands-projets\/0022-1\/\" class=\"wp-image-527\" srcset=\"http:\/\/lorrainemw.cluster020.hosting.ovh.net\/wp-content\/uploads\/2020\/07\/0022-1-1024x724.jpg 1024w, http:\/\/lorrainemw.cluster020.hosting.ovh.net\/wp-content\/uploads\/2020\/07\/0022-1-300x212.jpg 300w, http:\/\/lorrainemw.cluster020.hosting.ovh.net\/wp-content\/uploads\/2020\/07\/0022-1-768x543.jpg 768w, http:\/\/lorrainemw.cluster020.hosting.ovh.net\/wp-content\/uploads\/2020\/07\/0022-1-1536x1086.jpg 1536w, http:\/\/lorrainemw.cluster020.hosting.ovh.net\/wp-content\/uploads\/2020\/07\/0022-1-2048x1448.jpg 2048w\" sizes=\"(max-width: 1024px) 100vw, 1024px\" \/><\/a><\/figure><\/li><\/ul><\/figure>\n\n\n\n<p><br>Apr\u00e8s 25 ans pass\u00e9s \u00e0 diriger une PME r\u00e9gionale de vente de mobilier et de fournitures de bureaux j&#8217;ai c\u00e9d\u00e9 mon entreprise \u00e0 un groupe.<br>Ce fut l\u2019occasion de changer de paradigme et de mettre toute mon exp\u00e9rience, mon r\u00e9seau, mon savoir-faire aux services des professionnels et de institutions qui <strong><span class=\"has-inline-color has-luminous-vivid-amber-color\">souhaitent voir l\u2019am\u00e9nagement de leur espace de travail \u00eatre responsable, humain, durable et agr\u00e9able pour tous les collaborateurs.<\/span><\/strong><\/p>\n\n\n\n<p><br>Cette expertise n\u00e9cessite une grande capacit\u00e9 \u00e0 analyser les besoins des utilisateurs finaux ainsi que ceux des donneurs d\u2019ordre.<br><br>LORRAINE BUREAUX organise et coordonne tous ces chantiers, les moyens mis en place sont toujours adapt\u00e9s \u00e0 la situation, au moment, aux exigences de ses donneurs d\u2019ordre.<\/p>\n\n\n\n<p><br>Ainsi LORRAINE BUREAUX, fait appel au prestataire le plus adapt\u00e9 \u00e0 chaque situation du chantier. La responsable de LORRAINE BUREAUX est toujours pr\u00e9sente lors des installations et des r\u00e9ceptions, elle valide et contr\u00f4le les op\u00e9rateurs et leurs collaborateurs avant et apr\u00e8s chaque intervention.<\/p>\n","protected":false},"excerpt":{"rendered":"<p>Le conseil en am\u00e9nagement de bureau que je peux apporter, coupl\u00e9 \u00e0 l\u2019exp\u00e9rience des grands chantiers offre ainsi aux donneurs d\u2019ordres un r\u00e9el choix dans leurs projets d\u2019am\u00e9nagement d\u2019espaces de travail. Apr\u00e8s 25 ans pass\u00e9s \u00e0 diriger une PME r\u00e9gionale de vente de mobilier et de fournitures de bureaux j&#8217;ai c\u00e9d\u00e9 mon entreprise \u00e0 un [&hellip;]<\/p>\n","protected":false},"author":1,"featured_media":0,"parent":0,"menu_order":0,"comment_status":"closed","ping_status":"closed","template":"page-full-width.php","meta":{"_monsterinsights_skip_tracking":false,"_monsterinsights_sitenote_active":false,"_monsterinsights_sitenote_note":"","_monsterinsights_sitenote_category":0},"_links":{"self":[{"href":"http:\/\/lorrainemw.cluster020.hosting.ovh.net\/index.php\/wp-json\/wp\/v2\/pages\/511"}],"collection":[{"href":"http:\/\/lorrainemw.cluster020.hosting.ovh.net\/index.php\/wp-json\/wp\/v2\/pages"}],"about":[{"href":"http:\/\/lorrainemw.cluster020.hosting.ovh.net\/index.php\/wp-json\/wp\/v2\/types\/page"}],"author":[{"embeddable":true,"href":"http:\/\/lorrainemw.cluster020.hosting.ovh.net\/index.php\/wp-json\/wp\/v2\/users\/1"}],"replies":[{"embeddable":true,"href":"http:\/\/lorrainemw.cluster020.hosting.ovh.net\/index.php\/wp-json\/wp\/v2\/comments?post=511"}],"version-history":[{"count":4,"href":"http:\/\/lorrainemw.cluster020.hosting.ovh.net\/index.php\/wp-json\/wp\/v2\/pages\/511\/revisions"}],"predecessor-version":[{"id":559,"href":"http:\/\/lorrainemw.cluster020.hosting.ovh.net\/index.php\/wp-json\/wp\/v2\/pages\/511\/revisions\/559"}],"wp:attachment":[{"href":"http:\/\/lorrainemw.cluster020.hosting.ovh.net\/index.php\/wp-json\/wp\/v2\/media?parent=511"}],"curies":[{"name":"wp","href":"https:\/\/api.w.org\/{rel}","templated":true}]}}