{"id":469,"date":"2020-07-16T13:25:29","date_gmt":"2020-07-16T11:25:29","guid":{"rendered":"http:\/\/lorrainemw.cluster020.hosting.ovh.net\/?page_id=469"},"modified":"2020-07-16T13:35:02","modified_gmt":"2020-07-16T11:35:02","slug":"installation-et-montage","status":"publish","type":"page","link":"http:\/\/lorrainemw.cluster020.hosting.ovh.net\/index.php\/installation-et-montage\/","title":{"rendered":"Installation et montage"},"content":{"rendered":"\n<p>L\u2019organisation pr\u00e9vue pour le montage des mobiliers apr\u00e8s livraison sur site.<br>Le montage s\u2019effectue sur site par des \u00e9quipes sp\u00e9cialis\u00e9es dans le montage de mobilier de bureau. Les \u00e9quipes utilisent des outils \u00e9lectroportatifs ou non, des tenues propres tout ceci adapt\u00e9 aux sp\u00e9cificit\u00e9s des chantiers en int\u00e9rieur. LORRAINE BUREAUX respecte les locaux, leur propret\u00e9, les personnels qui travaillent \u00e0 proximit\u00e9 du chantier. Nous nous effor\u00e7ons de limiter la g\u00eane, notamment l\u2019impact sonore. Notre souci est de ne pas perturber l\u2019activit\u00e9 de notre Client.<br>Chaque colis est inspect\u00e9, les meubles sont achemin\u00e9s sur place dans leurs emballages avec leurs protections, les sols, les ascenseurs, les couloirs et les cages d\u2019escaliers sont prot\u00e9g\u00e9s si n\u00e9cessaire.<br>Les emballages une fois retir\u00e9s sont tri\u00e9s selon leur nature et dirig\u00e9s dans un centre de tri, aucun de nos emballages ne reste sur site.<br>Le personnel respecte scrupuleusement le plan de circulation d\u00e9cid\u00e9 en amont du chantier afin de pr\u00e9server les espaces d\u00e9j\u00e0 en service, en cours de nettoyage, ou encore en chantier.<br>Le mobilier est install\u00e9 selon le plan demand\u00e9, cependant des ajustements ou des changements de configurations peuvent devenir une \u00e9vidence pour le donneur d\u2019ordre une fois les meubles install\u00e9s, le personnel alors ex\u00e9cutera les ordres d\u2019installation qui lui seront donn\u00e9 et effectuera les modifications demand\u00e9es.<br>Le personnel ne quitte le site qu\u2019une fois le montage inspect\u00e9 et valid\u00e9 par le donneur d\u2019ordre.<\/p>\n\n\n\n<figure class=\"wp-block-image size-large\"><img loading=\"lazy\" width=\"1000\" height=\"667\" src=\"http:\/\/lorrainemw.cluster020.hosting.ovh.net\/wp-content\/uploads\/2020\/07\/montage-meuble-ikea-prix-du-decorateur-pour-le-montage-sur-demande.jpg\" alt=\"\" class=\"wp-image-474\" srcset=\"http:\/\/lorrainemw.cluster020.hosting.ovh.net\/wp-content\/uploads\/2020\/07\/montage-meuble-ikea-prix-du-decorateur-pour-le-montage-sur-demande.jpg 1000w, http:\/\/lorrainemw.cluster020.hosting.ovh.net\/wp-content\/uploads\/2020\/07\/montage-meuble-ikea-prix-du-decorateur-pour-le-montage-sur-demande-300x200.jpg 300w, http:\/\/lorrainemw.cluster020.hosting.ovh.net\/wp-content\/uploads\/2020\/07\/montage-meuble-ikea-prix-du-decorateur-pour-le-montage-sur-demande-768x512.jpg 768w\" sizes=\"(max-width: 1000px) 100vw, 1000px\" \/><\/figure>\n","protected":false},"excerpt":{"rendered":"<p>L\u2019organisation pr\u00e9vue pour le montage des mobiliers apr\u00e8s livraison sur site.Le montage s\u2019effectue sur site par des \u00e9quipes sp\u00e9cialis\u00e9es dans le montage de mobilier de bureau. Les \u00e9quipes utilisent des outils \u00e9lectroportatifs ou non, des tenues propres tout ceci adapt\u00e9 aux sp\u00e9cificit\u00e9s des chantiers en int\u00e9rieur. LORRAINE BUREAUX respecte les locaux, leur propret\u00e9, les personnels [&hellip;]<\/p>\n","protected":false},"author":1,"featured_media":0,"parent":0,"menu_order":0,"comment_status":"closed","ping_status":"closed","template":"page-full-width.php","meta":{"_monsterinsights_skip_tracking":false,"_monsterinsights_sitenote_active":false,"_monsterinsights_sitenote_note":"","_monsterinsights_sitenote_category":0},"_links":{"self":[{"href":"http:\/\/lorrainemw.cluster020.hosting.ovh.net\/index.php\/wp-json\/wp\/v2\/pages\/469"}],"collection":[{"href":"http:\/\/lorrainemw.cluster020.hosting.ovh.net\/index.php\/wp-json\/wp\/v2\/pages"}],"about":[{"href":"http:\/\/lorrainemw.cluster020.hosting.ovh.net\/index.php\/wp-json\/wp\/v2\/types\/page"}],"author":[{"embeddable":true,"href":"http:\/\/lorrainemw.cluster020.hosting.ovh.net\/index.php\/wp-json\/wp\/v2\/users\/1"}],"replies":[{"embeddable":true,"href":"http:\/\/lorrainemw.cluster020.hosting.ovh.net\/index.php\/wp-json\/wp\/v2\/comments?post=469"}],"version-history":[{"count":3,"href":"http:\/\/lorrainemw.cluster020.hosting.ovh.net\/index.php\/wp-json\/wp\/v2\/pages\/469\/revisions"}],"predecessor-version":[{"id":476,"href":"http:\/\/lorrainemw.cluster020.hosting.ovh.net\/index.php\/wp-json\/wp\/v2\/pages\/469\/revisions\/476"}],"wp:attachment":[{"href":"http:\/\/lorrainemw.cluster020.hosting.ovh.net\/index.php\/wp-json\/wp\/v2\/media?parent=469"}],"curies":[{"name":"wp","href":"https:\/\/api.w.org\/{rel}","templated":true}]}}