{"id":1158,"date":"2021-08-17T17:05:30","date_gmt":"2021-08-17T15:05:30","guid":{"rendered":"http:\/\/lorrainemw.cluster020.hosting.ovh.net\/?page_id=1158"},"modified":"2021-08-17T17:06:34","modified_gmt":"2021-08-17T15:06:34","slug":"canapes-2","status":"publish","type":"page","link":"http:\/\/lorrainemw.cluster020.hosting.ovh.net\/index.php\/canapes-2\/","title":{"rendered":"Canap\u00e9s"},"content":{"rendered":"\n<p><strong><span class=\"has-inline-color has-vivid-red-color\">Le m\u00e9lange parfait entre affaires et loisirs<\/span><\/strong><br>De plus en plus d&#8217;entreprises et d&#8217;h\u00f4tels accueillent des espaces de coworking fr\u00e9quent\u00e9s par des freelancers, des nomades num\u00e9riques, des entrepreneurs et des designers. <\/p>\n\n\n\n<p><strong>Nos solutions pour recr\u00e9er un environnement collaboratif et extr\u00eamement agr\u00e9able.<\/strong><\/p>\n\n\n\n<figure class=\"wp-block-gallery columns-2 is-cropped\"><ul class=\"blocks-gallery-grid\"><li class=\"blocks-gallery-item\"><figure><a href=\"http:\/\/lorrainemw.cluster020.hosting.ovh.net\/wp-content\/uploads\/2021\/08\/area-download-3.jpg\"><img loading=\"lazy\" width=\"1024\" height=\"717\" src=\"http:\/\/lorrainemw.cluster020.hosting.ovh.net\/wp-content\/uploads\/2021\/08\/area-download-3-1024x717.jpg\" alt=\"\" data-id=\"1159\" data-full-url=\"http:\/\/lorrainemw.cluster020.hosting.ovh.net\/wp-content\/uploads\/2021\/08\/area-download-3.jpg\" data-link=\"http:\/\/lorrainemw.cluster020.hosting.ovh.net\/?attachment_id=1159\" class=\"wp-image-1159\" srcset=\"http:\/\/lorrainemw.cluster020.hosting.ovh.net\/wp-content\/uploads\/2021\/08\/area-download-3-1024x717.jpg 1024w, http:\/\/lorrainemw.cluster020.hosting.ovh.net\/wp-content\/uploads\/2021\/08\/area-download-3-300x210.jpg 300w, http:\/\/lorrainemw.cluster020.hosting.ovh.net\/wp-content\/uploads\/2021\/08\/area-download-3-768x538.jpg 768w, http:\/\/lorrainemw.cluster020.hosting.ovh.net\/wp-content\/uploads\/2021\/08\/area-download-3-1536x1075.jpg 1536w, http:\/\/lorrainemw.cluster020.hosting.ovh.net\/wp-content\/uploads\/2021\/08\/area-download-3.jpg 2000w\" sizes=\"(max-width: 1024px) 100vw, 1024px\" \/><\/a><\/figure><\/li><li class=\"blocks-gallery-item\"><figure><a href=\"http:\/\/lorrainemw.cluster020.hosting.ovh.net\/wp-content\/uploads\/2021\/08\/03-midj-area-red-dot.jpg\"><img loading=\"lazy\" width=\"1024\" height=\"612\" src=\"http:\/\/lorrainemw.cluster020.hosting.ovh.net\/wp-content\/uploads\/2021\/08\/03-midj-area-red-dot-1024x612.jpg\" alt=\"\" data-id=\"1160\" data-full-url=\"http:\/\/lorrainemw.cluster020.hosting.ovh.net\/wp-content\/uploads\/2021\/08\/03-midj-area-red-dot.jpg\" data-link=\"http:\/\/lorrainemw.cluster020.hosting.ovh.net\/?attachment_id=1160\" class=\"wp-image-1160\" srcset=\"http:\/\/lorrainemw.cluster020.hosting.ovh.net\/wp-content\/uploads\/2021\/08\/03-midj-area-red-dot-1024x612.jpg 1024w, http:\/\/lorrainemw.cluster020.hosting.ovh.net\/wp-content\/uploads\/2021\/08\/03-midj-area-red-dot-300x179.jpg 300w, http:\/\/lorrainemw.cluster020.hosting.ovh.net\/wp-content\/uploads\/2021\/08\/03-midj-area-red-dot-768x459.jpg 768w, http:\/\/lorrainemw.cluster020.hosting.ovh.net\/wp-content\/uploads\/2021\/08\/03-midj-area-red-dot-1536x918.jpg 1536w, http:\/\/lorrainemw.cluster020.hosting.ovh.net\/wp-content\/uploads\/2021\/08\/03-midj-area-red-dot.jpg 1840w\" sizes=\"(max-width: 1024px) 100vw, 1024px\" \/><\/a><\/figure><\/li><\/ul><\/figure>\n\n\n\n<p>C&#8217;est pr\u00e9cis\u00e9ment de ce besoin de cr\u00e9er des espaces de travail non conventionnels que Area est n\u00e9e. Ces espaces, situ\u00e9s \u00e0 mi-chemin entre le lieu de travail et l&#8217;espace de socialisation, deviennent extr\u00eamement flexibles gr\u00e2ce \u00e0 nos propositions d&#8217;ameublement.<\/p>\n\n\n\n<h1>Area: le confort sous toutes ses formes<\/h1>\n\n\n\n<p><span class=\"has-inline-color has-vivid-red-color\"><strong>Area remporte le Red Dot Design Award 2021<\/strong><\/span><\/p>\n\n\n\n<figure class=\"wp-block-gallery columns-2 is-cropped\"><ul class=\"blocks-gallery-grid\"><li class=\"blocks-gallery-item\"><figure><a href=\"http:\/\/lorrainemw.cluster020.hosting.ovh.net\/wp-content\/uploads\/2021\/08\/04-midj-area-red-dot.jpg\"><img loading=\"lazy\" width=\"1024\" height=\"612\" src=\"http:\/\/lorrainemw.cluster020.hosting.ovh.net\/wp-content\/uploads\/2021\/08\/04-midj-area-red-dot-1024x612.jpg\" alt=\"\" data-id=\"1161\" data-full-url=\"http:\/\/lorrainemw.cluster020.hosting.ovh.net\/wp-content\/uploads\/2021\/08\/04-midj-area-red-dot.jpg\" data-link=\"http:\/\/lorrainemw.cluster020.hosting.ovh.net\/?attachment_id=1161\" class=\"wp-image-1161\" srcset=\"http:\/\/lorrainemw.cluster020.hosting.ovh.net\/wp-content\/uploads\/2021\/08\/04-midj-area-red-dot-1024x612.jpg 1024w, http:\/\/lorrainemw.cluster020.hosting.ovh.net\/wp-content\/uploads\/2021\/08\/04-midj-area-red-dot-300x179.jpg 300w, http:\/\/lorrainemw.cluster020.hosting.ovh.net\/wp-content\/uploads\/2021\/08\/04-midj-area-red-dot-768x459.jpg 768w, http:\/\/lorrainemw.cluster020.hosting.ovh.net\/wp-content\/uploads\/2021\/08\/04-midj-area-red-dot-1536x918.jpg 1536w, http:\/\/lorrainemw.cluster020.hosting.ovh.net\/wp-content\/uploads\/2021\/08\/04-midj-area-red-dot.jpg 1840w\" sizes=\"(max-width: 1024px) 100vw, 1024px\" \/><\/a><\/figure><\/li><li class=\"blocks-gallery-item\"><figure><a href=\"http:\/\/lorrainemw.cluster020.hosting.ovh.net\/wp-content\/uploads\/2021\/08\/01-midj-area-red-dot.jpg\"><img loading=\"lazy\" width=\"1024\" height=\"612\" src=\"http:\/\/lorrainemw.cluster020.hosting.ovh.net\/wp-content\/uploads\/2021\/08\/01-midj-area-red-dot-1024x612.jpg\" alt=\"\" data-id=\"1162\" data-full-url=\"http:\/\/lorrainemw.cluster020.hosting.ovh.net\/wp-content\/uploads\/2021\/08\/01-midj-area-red-dot.jpg\" data-link=\"http:\/\/lorrainemw.cluster020.hosting.ovh.net\/?attachment_id=1162\" class=\"wp-image-1162\" srcset=\"http:\/\/lorrainemw.cluster020.hosting.ovh.net\/wp-content\/uploads\/2021\/08\/01-midj-area-red-dot-1024x612.jpg 1024w, http:\/\/lorrainemw.cluster020.hosting.ovh.net\/wp-content\/uploads\/2021\/08\/01-midj-area-red-dot-300x179.jpg 300w, http:\/\/lorrainemw.cluster020.hosting.ovh.net\/wp-content\/uploads\/2021\/08\/01-midj-area-red-dot-768x459.jpg 768w, http:\/\/lorrainemw.cluster020.hosting.ovh.net\/wp-content\/uploads\/2021\/08\/01-midj-area-red-dot-1536x918.jpg 1536w, http:\/\/lorrainemw.cluster020.hosting.ovh.net\/wp-content\/uploads\/2021\/08\/01-midj-area-red-dot.jpg 1840w\" sizes=\"(max-width: 1024px) 100vw, 1024px\" \/><\/a><\/figure><\/li><\/ul><\/figure>\n\n\n\n<p>&nbsp;Area r\u00e9pond \u00e0 un besoin sp\u00e9cifique: mettre \u00e0 l&#8217;aise les personnes, qu&#8217;elles soient \u00e0 la maison ou au bureau, qui souhaitent trouver un moment de d\u00e9tente ou de convivialit\u00e9, qu&#8217;elles soient en attente d&#8217;un rendez-vous ou d&#8217;un meeting de travail.&nbsp;<\/p>\n","protected":false},"excerpt":{"rendered":"<p>Le m\u00e9lange parfait entre affaires et loisirsDe plus en plus d&#8217;entreprises et d&#8217;h\u00f4tels accueillent des espaces de coworking fr\u00e9quent\u00e9s par des freelancers, des nomades num\u00e9riques, des entrepreneurs et des designers. Nos solutions pour recr\u00e9er un environnement collaboratif et extr\u00eamement agr\u00e9able. C&#8217;est pr\u00e9cis\u00e9ment de ce besoin de cr\u00e9er des espaces de travail non conventionnels que Area [&hellip;]<\/p>\n","protected":false},"author":1,"featured_media":0,"parent":0,"menu_order":0,"comment_status":"closed","ping_status":"closed","template":"page-full-width.php","meta":{"_monsterinsights_skip_tracking":false,"_monsterinsights_sitenote_active":false,"_monsterinsights_sitenote_note":"","_monsterinsights_sitenote_category":0},"_links":{"self":[{"href":"http:\/\/lorrainemw.cluster020.hosting.ovh.net\/index.php\/wp-json\/wp\/v2\/pages\/1158"}],"collection":[{"href":"http:\/\/lorrainemw.cluster020.hosting.ovh.net\/index.php\/wp-json\/wp\/v2\/pages"}],"about":[{"href":"http:\/\/lorrainemw.cluster020.hosting.ovh.net\/index.php\/wp-json\/wp\/v2\/types\/page"}],"author":[{"embeddable":true,"href":"http:\/\/lorrainemw.cluster020.hosting.ovh.net\/index.php\/wp-json\/wp\/v2\/users\/1"}],"replies":[{"embeddable":true,"href":"http:\/\/lorrainemw.cluster020.hosting.ovh.net\/index.php\/wp-json\/wp\/v2\/comments?post=1158"}],"version-history":[{"count":2,"href":"http:\/\/lorrainemw.cluster020.hosting.ovh.net\/index.php\/wp-json\/wp\/v2\/pages\/1158\/revisions"}],"predecessor-version":[{"id":1164,"href":"http:\/\/lorrainemw.cluster020.hosting.ovh.net\/index.php\/wp-json\/wp\/v2\/pages\/1158\/revisions\/1164"}],"wp:attachment":[{"href":"http:\/\/lorrainemw.cluster020.hosting.ovh.net\/index.php\/wp-json\/wp\/v2\/media?parent=1158"}],"curies":[{"name":"wp","href":"https:\/\/api.w.org\/{rel}","templated":true}]}}